 2)*5. Let x be 1 + -1 + (u - -7). Let k = x - 5. Calculate n(k).
-1
Suppose 2 = k - 1. Suppose 5*a = 5, k*i - 4*i + 4 = 3*a. Let p(h) = h - h**3 + 4 + i - 4*h**2 - 2. What is p(-4)?
-1
Let b(q) = -6*q**2 + 4 - 7*q**2 + 16*q**2 - q**3. What is b(3)?
4
Let j = 9 + -13. Let n(f) = f**3 + 3*f**2 - 6*f - 6. Let y be n(j). Let c(a) = 2*a**2 - a**y - 2 + 0*a**2. Calculate c(-3).
7
Let a(j) = -3*j - 2. Let t(q) = -2*q**3 - 2*q**2 - q - 1. Let s be t(-2). Suppose 3*o + i + 0 = 7, 5*i = -2*o + s. Determine a(o).
-8
Suppose -2*y - 5 = 1. Let n(u) = 10*u**3 - 2*u**2 - u - 2. Let d(i) = -3*i**3 + 1. Let k(g) = -7*d(g) - 2*n(g). Determine k(y).
0
Let g be 2 + 44/36 + (-6)/27. Let p(r) = -4 - 3*r + 3*r + r**2. What is p(g)?
5
Let s(b) = 6*b**2 + b. Let i(p) = p**3 - 7*p**2 + 8*p - 3. Let z be i(6). Suppose -2*c + 2*u + 8 = 2*c, -z = -c + 4*u. What is s(c)?
7
Suppose 0 = 2*z + 2*o - 10, 3*o + 4 = 5*z + o. Suppose 2*x - 3*p + 17 = 3, p = -z*x + 2. Let l(w) = 4*w - 1. Let b(f) = -f. Let d(n) = -b(n) + l(n). Give d(x).
-6
Let d(a) = -13*a - 3. Let i be 1*(-6)/(-1 + -1). Let g(z) = -40*z - 10. Let r(q) = i*g(q) - 10*d(q). Let c be -1 - (-2 + 0 + 0). What is r(c)?
10
Let r(z) = -z**2 - 5*z + 6. Suppose 0 = 19*k - 25*k - 36. What is r(k)?
0
Let u(c) = 3*c**2 - 5*c - 9. Suppose 10 = 2*r + 4*s, -r = 3*s + s - 7. Suppose -4*b - r = 1. Let t(j) = j**2 - 1. Let l(g) = b*u(g) + 4*t(g). Calculate l(-4).
1
Let a(p) = p - p**2 - 3*p**2 + 3*p**2 - 1 - 7*p. Give a(-5).
4
Let b(h) = h - 1. Let j(q) = -4*q - 1. Let m(i) = -5*b(i) - j(i). What is m(4)?
2
Let a(y) = y + 3. Suppose -66 = -4*h + 34. Let s = -30 + h. Calculate a(s).
-2
Let b(f) = -f**2 - 4*f + 12. Suppose -4*z = z + 30. Let m be b(z). Let a(p) = -2*p**3 - 4 + p**3 - 1. Determine a(m).
-5
Let q(s) = 0 + 1 - s**2 + 2*s + 4. Let t(l) = -l**2 - 11*l - 8. Let g be t(-6). Let d be (-2)/5 + g/5. Calculate q(d).
-3
Let n(c) = -c**3 - 10*c**2 - 9*c - 4. Let w = -18 + 9. Determine n(w).
-4
Let y(a) = -4*a - 2. Let j = 68 - 69. Calculate y(j).
2
Let n(l) be the third derivative of l**7/840 + l**6/120 - l**5/30 + 5*l**4/24 + l**3/6 - 2*l**2. Let s(i) be the first derivative of n(i). Determine s(-4).
5
Let b(q) = -q**2 + 6*q + 10. Let d = 11 - 13. Let k be (-1)/d*(-6 + 22). What is b(k)?
-6
Let s = -1 + 14. Let h(p) = p**3 + 3*p**2 - 4*p - 3. Let g be h(-3). Let u = g - s. Let w(q) = -q - 1. Determine w(u).
3
Suppose 3*k = -k - 24. Let x(g) = g**3 + 6*g**2 - g - 3. Determine x(k).
3
Let y(u) = -6*u**2 - u - 1. Let a(i) = 8*i - 1. Let h be a(1). Let g be 16/56 - 9/h. What is y(g)?
-6
Let q(l) = -l + 1 + 4 - 4. Suppose -25 = 8*t - 3*t. Calculate q(t).
6
Let g = -8 - -10. Let m(d) = d - d**3 + 2 - g*d - d**2 + 5*d + 0*d. Let s be (-1 - 2)*(-1 - -2). Determine m(s).
8
Suppose -3*l = 4*u + 4, 3*u - 4*u - 24 = -5*l. Let d(q) = q + 5. Let y(a) = -6*a - 26. Let t(i) = 11*d(i) + 2*y(i). What is t(l)?
-1
Let f(y) be the first derivative of y**3/3 + 3*y**2 - 2*y + 3. Let w(m) = m**3 - 5*m**2 + 4*m - 5. Let d be w(4). Determine f(d).
-7
Let y(g) = -5*g + 10. Let t(i) = -3*i + 6. Let x(b) = -8*t(b) + 5*y(b). Let n be (-6)/(-4)*12/9. Calculate x(n).
0
Let b(y) = -y**3 + 2*y**2 - 2*y - 2. Suppose 4*d - 32 = -20. Determine b(d).
-17
Let r(b) = 45*b**2 - 82*b**2 + 1 + 38*b**2 + 1 - 2*b. Give r(3).
5
Let q(a) be the second derivative of -a**3/6 + 3*a**2/2 - a. Let d = 10 + -5. Suppose d*r - 3 = 7. Give q(r).
1
Let s(i) = i - 10. Suppose 0 = 5*k - 73 + 23. Calculate s(k).
0
Suppose 2*f + 3*p + p = -10, 2*f + 6 = -3*p. Let x(j) = -2 - f + 6 + 2*j. Let m = -2 - 1. Give x(m).
-5
Let x(v) = 3*v - 6*v**2 + 5*v**2 - 4*v. Calculate x(-3).
-6
Let c(p) = -11*p**3 - 3*p**2 + 2*p - 3. Let a(d) = 12*d**3 + 4*d**2 - 3*d + 4. Let l(h) = -3*a(h) - 4*c(h). Let x(f) = -f**2 - f - 1. Let j be x(0). Give l(j).
-9
Let m(v) be the first derivative of 2*v**3/3 + v**2/2 - 7. Calculate m(2).
10
Let h(n) = n**3 + n**2 + n + 1. Let p be h(0). Let x(w) = -3*w + 3*w**2 + 2*w + p - 2*w**2. What is x(2)?
3
Suppose 12*d + 14 = -10. Let m(s) = -4*s**2 - 2*s + 2. Calculate m(d).
-10
Let k = 2 - -4. Let p(r) = 7*r + 13. Let g(i) = -i - 1. Let a(u) = k*g(u) + p(u). Determine a(-6).
1
Let l = 36 - 26. Suppose 10 = 4*k - l. Let h(m) = m**2 + 8*m - 3. Let c(w) = -2*w**2 - 9*w + 3. Let b(i) = 2*c(i) + 3*h(i). Determine b(k).
2
Let j(q) = -24*q + 9 - 1 + 26*q - 1. What is j(-6)?
-5
Let f(l) = -l**3 + l**2 + 4*l - 3. Let p(s) = -s**2 - 2*s + 38. Let r be p(5). Calculate f(r).
-9
Let b(f) = -f - 1. Let p = -1 - 6. Let v(i) = i - 10. Let u be v(8). Let r = p - u. Calculate b(r).
4
Let t(p) = -14*p + 15. Let i(b) = 5*b - 5. Let z = -26 + 37. Let v(o) = z*i(o) + 4*t(o). Determine v(0).
5
Let h(m) = -6*m + 5*m**2 - 4 + 3*m**3 - 4*m**3 + 6 + 3. Calculate h(4).
-3
Let r(v) = -8*v**2 - 1. Let u be 1/(-2) - (-81)/18. Suppose u = 6*z - 10*z. Give r(z).
-9
Let b(w) be the second derivative of -w**3/6 + 7*w**2/2 + 19*w. Determine b(6).
1
Let m(u) = -u**3 - 2*u**2 + 2*u + 4. Let k be -4*(-3)/(-2) - -3. Determine m(k).
7
Let i(h) = 5*h - 21 + 21 + 30. Let a be ((-1)/(-2))/((-4)/24). Let y(w) = -2*w - 10. Let k(t) = a*i(t) - 8*y(t). Calculate k(0).
-10
Let d(s) = 3 - 3 - 5*s - 2. Let q(v) = -v + 3. Let u be q(5). Let k be (6 + -3)*u/3. What is d(k)?
8
Suppose h + 2 - 1 = 0, 0 = -5*w + 3*h + 8. Let i = w + 3. Suppose -i*q + 2*j - 25 = 3*j, j = q. Let g(f) = -f**3 - 4*f**2 + 6*f + 1. Give g(q).
-4
Let j(b) = b**3 - 4*b**2 + 8*b + 7. Let t(y) = y**3 - 3*y**2 + 9*y + 7. Let n(d) = -4*j(d) + 3*t(d). Let z be 440/75 + (-2)/(-15). Give n(z).
-1
Suppose -k = -k + 6*k. Let c(p) = -2 - p + 4 + 3. Give c(k).
5
Let h be ((-4)/3)/((-10)/15). Let f(m) be the first derivative of m**2 + 2*m + 2*m**2 + 3 - h*m**2 - 5*m. What is f(4)?
5
Suppose -r - 5*u = -12, -2*r = -0*u + 5*u - 14. Let p(v) = -4*v**3 + 3*v**3 - r*v + 0*v**3 + 3 + v**2. Give p(2).
-5
Suppose 7*v = 4*v - 12. Let w(l) = -l**3 - 5*l**2 - 3*l + 4. Give w(v).
0
Let j(z) = z**3 + 7*z**2 + 7*z - 5. Let u(d) = 2*d**3 + 14*d**2 + 15*d - 9. Let w(i) = -7*j(i) + 3*u(i). Calculate w(-6).
-4
Let j(k) = 5*k - 1. Let z(c) = 15*c - 3. Let g(h) = -17*j(h) + 6*z(h). Determine g(2).
9
Let m(k) = -k**3 - 6*k**2 + 8*k + 4. Suppose 5*u - 2 - 23 = 0. Suppose -u*f - o - 39 = 0, 2*f + 13 = -f + 2*o. What is m(f)?
-3
Let s = 3 - -1. Let c(a) = -a**2 - 2*a**2 + s + 4*a**2 + 2*a. Let d = -7 - -4. Determine c(d).
7
Suppose 4*c + 4 - 20 = 0. Suppose -x - 33 = -5*h, -c*x = -3*h - 3*x + 21. Let g(b) = h*b**2 + 3 - b**2 - 3*b**2 - 2*b - 4*b**2. Determine g(-3).
-9
Let z(h) = -h**2 - 11*h. Let k be z(-11). Suppose -2*o + 4*o + 10 = k. Let s(p) = 5 - 5*p + 4*p - 6. Determine s(o).
4
Let l(k) = -6*k**3 - 36*k**2 - 21*k + 15. Let t(p) = p**3 + 7*p**2 + 4*p - 3. Let j(o) = -2*l(o) - 11*t(o). Let f(s) = -2*s + 15. Let g be f(5). What is j(g)?
-7
Let f(l) = -3*l**2 + 15*l + 13. Let w(t) = -2*t**2 + 10*t + 9. Let y(m) = -5*f(m) + 8*w(m). Let j(u) = -2*u**3 - 2*u**2 - 2. Let k be j(-2). Calculate y(k).
1
Let a(j) = 4*j**3 - 6*j**2 + 4*j - 17. Let q(z) = 3*z**3 - 5*z**2 + 3*z - 16. Let o(g) = -4*a(g) + 5*q(g). Determine o(0).
-12
Suppose 4*o = -4, 4*k - 4*o = 3*k + 7. Let t(w) = w**3 - 3 - k*w**2 - 2 - 4*w + 1. Give t(4).
-4
Let a(v) be the first derivative of -14*v**3/3 + v**2/2 + v - 10. Calculate a(-1).
-14
Let q(r) be the first derivative of 2*r**3/3 - 7*r**2/2 - 2*r - 10. Let o(s) be the first derivative of q(s). Calculate o(5).
13
Suppose -4*q + 40 - 8 = 0. Let b = q + -5. Suppose 4*a + a - 32 = -4*f, -b*f + 3*a - 3 = 0. Let p(n) = -2*n. What is p(f)?
-6
Let m(l) be the third derivative of -l**4/24 + 5*l**2. Calculate m(0).
0
Suppose 4*h = -t + 2*h, -5*h = -t. Suppose t = -z - 3*z + 8. Let m(o) be the second derivative of o**5/20 - o**3/6 - o. Determine m(z).
6
Let f(z) = -z**2 + 3*z + 27. Let h be f(7). Let q(s) = 4*s**2 + s. What is q(h)?
3
Let l(g) = g**2 + 2*g + 4. Let u(r) = r**2 - r - 6. Let n be u(4). Let d = n - 10. What is l(d)?
12
Let f(r) be the first derivative of r**2/2 + 6*r + 2. Suppose -3*v + 5*o + 7 = 0, -3*o - 9 - 6 = 0. Determine f(v).
0
Suppose 0 = -2*h + 3*h. Let o(t) = -4*t**2 - t + 7. Let w(z) = 5*z**2 + z - 7. Let a(j) = 6*o(j) + 5*w(j). Calculate a(h).
7
Let a(i) = -i**3 + 6*i**2 - i - 1. Let s be (-164)/9 + 8/36. Let g be (-2)/(-9) + (-104)/s. Determine a(g